{"id":2946,"date":"2022-03-28T10:19:36","date_gmt":"2022-03-28T08:19:36","guid":{"rendered":"https:\/\/bawarka-karkonosze.pl\/?page_id=2946"},"modified":"2022-03-28T10:29:37","modified_gmt":"2022-03-28T08:29:37","slug":"rodo","status":"publish","type":"page","link":"https:\/\/bawarka-karkonosze.pl\/?page_id=2946","title":{"rendered":"RODO"},"content":{"rendered":"\t\t<div data-elementor-type=\"wp-page\" data-elementor-id=\"2946\" class=\"elementor elementor-2946\">\n\t\t\t\t\t\t<section class=\"elementor-section elementor-top-section elementor-element elementor-element-b74c295 elementor-section-boxed elementor-section-height-default elementor-section-height-default\" data-id=\"b74c295\" data-element_type=\"section\">\n\t\t\t\t\t\t<div class=\"elementor-container elementor-column-gap-default\">\n\t\t\t\t\t<div class=\"elementor-column elementor-col-100 elementor-top-column elementor-element elementor-element-31ec5f4\" data-id=\"31ec5f4\" data-element_type=\"column\">\n\t\t\t<div class=\"elementor-widget-wrap elementor-element-populated\">\n\t\t\t\t\t\t<div class=\"elementor-element elementor-element-6ec2bdc elementor-widget elementor-widget-heading\" data-id=\"6ec2bdc\" data-element_type=\"widget\" data-widget_type=\"heading.default\">\n\t\t\t\t<div class=\"elementor-widget-container\">\n\t\t\t<h2 class=\"elementor-heading-title elementor-size-default\">Informacja o przetwarzaniu danych osobowych<\/h2>\t\t<\/div>\n\t\t\t\t<\/div>\n\t\t\t\t\t<\/div>\n\t\t<\/div>\n\t\t\t\t\t<\/div>\n\t\t<\/section>\n\t\t\t\t<section class=\"elementor-section elementor-top-section elementor-element elementor-element-14ebe30 elementor-section-boxed elementor-section-height-default elementor-section-height-default\" data-id=\"14ebe30\" data-element_type=\"section\">\n\t\t\t\t\t\t<div class=\"elementor-container elementor-column-gap-default\">\n\t\t\t\t\t<div class=\"elementor-column elementor-col-100 elementor-top-column elementor-element elementor-element-e5abb5d\" data-id=\"e5abb5d\" data-element_type=\"column\">\n\t\t\t<div class=\"elementor-widget-wrap elementor-element-populated\">\n\t\t\t\t\t\t<div class=\"elementor-element elementor-element-500efda elementor-widget elementor-widget-text-editor\" data-id=\"500efda\" data-element_type=\"widget\" data-widget_type=\"text-editor.default\">\n\t\t\t\t<div class=\"elementor-widget-container\">\n\t\t\t\t\t\t\t<p style=\"text-align: justify;\">Administratorem danych osobowych jest:<\/p>\n<p style=\"text-align: justify;\">Ma\u0142gorzata Ma\u0142kiewicz<\/p>\n<p style=\"text-align: justify;\">Z siedzib\u0105 w Piechowicach, ul. Plac Wczasowy 6<\/p>\n<p style=\"text-align: justify;\">Dane osobowe przetwarzane s\u0105 w celu wype\u0142nienia obowi\u0105zk\u00f3w prawnych ci\u0105\u017c\u0105cych na Administratorze prowadz\u0105cym dzia\u0142alno\u015b\u0107 gospodarcz\u0105, w szczeg\u00f3lno\u015bci realizacji obowi\u0105zk\u00f3w okre\u015blonych w przepisach podatkowych.<\/p>\n<p style=\"text-align: justify;\">Podstaw\u0105 prawn\u0105 przetwarzania jest art. 6 ust. 1 pkt b i c og\u00f3lnego rozporz\u0105dzenia o ochronie danych Parlamentu Europejskiego i Rady UE.<\/p>\n<p style=\"text-align: justify;\">Dane osobowe b\u0119d\u0105 przechowywane przez okres 5 lat licz\u0105c od pocz\u0105tku roku nast\u0119puj\u0105cego po roku, kt\u00f3rego dane zbiory dotycz\u0105.<\/p>\n<p style=\"text-align: justify;\">Osoba, kt\u00f3rej dane dotycz\u0105 ma prawo do \u017c\u0105dania od Administratora dost\u0119pu do tre\u015bci danych, ich sprostowania, usuni\u0119cia lub ograniczenia przetwarzania oraz prawo do wniesienia sprzeciwu wobec przetwarzania, a tak\u017ce prawo do przenoszenia danych. Ma r\u00f3wnie\u017c prawo wniesienia skargi do Prezesa Urz\u0119du Ochrony Danych Osobowych.<\/p>\n<p style=\"text-align: justify;\">Dane przetwarzanie przez Administratora danych osobowych b\u0119d\u0105 udost\u0119pniane tylko podmiotom upowa\u017cnionym na podstawie przepis\u00f3w prawa lub umowy o powierzeniu przetwarzania danych.<\/p>\n<p style=\"text-align: justify;\">Dane osobowe podlegaj\u0105 zabezpieczeniom zapobiegaj\u0105cym nadu\u017cyciom niezgodnemu z prawem dost\u0119powi lub przekazywaniu.<\/p>\t\t\t\t\t\t<\/div>\n\t\t\t\t<\/div>\n\t\t\t\t\t<\/div>\n\t\t<\/div>\n\t\t\t\t\t<\/div>\n\t\t<\/section>\n\t\t\t\t<\/div>\n\t\t","protected":false},"excerpt":{"rendered":"<p>Informacja o przetwarzaniu danych osobowych Administratorem danych osobowych jest: Ma\u0142gorzata Ma\u0142kiewicz Z siedzib\u0105 w Piechowicach, ul. Plac Wczasowy 6 Dane osobowe przetwarzane s\u0105 w celu wype\u0142nienia obowi\u0105zk\u00f3w prawnych ci\u0105\u017c\u0105cych na Administratorze prowadz\u0105cym dzia\u0142alno\u015b\u0107 gospodarcz\u0105, w szczeg\u00f3lno\u015bci realizacji obowi\u0105zk\u00f3w okre\u015blonych w przepisach podatkowych. Podstaw\u0105 prawn\u0105 przetwarzania jest art. 6 ust. 1 pkt b i c og\u00f3lnego&hellip;&nbsp;<a href=\"https:\/\/bawarka-karkonosze.pl\/?page_id=2946\" rel=\"bookmark\">Dowiedz si\u0119 wi\u0119cej &raquo;<span class=\"screen-reader-text\">RODO<\/span><\/a><\/p>\n","protected":false},"author":1,"featured_media":0,"parent":0,"menu_order":0,"comment_status":"closed","ping_status":"closed","template":"page-templates\/template-pagebuilder-full-width.php","meta":{"neve_meta_sidebar":"full-width","neve_meta_container":"","neve_meta_enable_content_width":"on","neve_meta_content_width":100,"neve_meta_title_alignment":"","neve_meta_author_avatar":"","neve_post_elements_order":"","neve_meta_disable_header":"","neve_meta_disable_footer":"","neve_meta_disable_title":"","footnotes":""},"_links":{"self":[{"href":"https:\/\/bawarka-karkonosze.pl\/index.php?rest_route=\/wp\/v2\/pages\/2946"}],"collection":[{"href":"https:\/\/bawarka-karkonosze.pl\/index.php?rest_route=\/wp\/v2\/pages"}],"about":[{"href":"https:\/\/bawarka-karkonosze.pl\/index.php?rest_route=\/wp\/v2\/types\/page"}],"author":[{"embeddable":true,"href":"https:\/\/bawarka-karkonosze.pl\/index.php?rest_route=\/wp\/v2\/users\/1"}],"replies":[{"embeddable":true,"href":"https:\/\/bawarka-karkonosze.pl\/index.php?rest_route=%2Fwp%2Fv2%2Fcomments&post=2946"}],"version-history":[{"count":11,"href":"https:\/\/bawarka-karkonosze.pl\/index.php?rest_route=\/wp\/v2\/pages\/2946\/revisions"}],"predecessor-version":[{"id":2957,"href":"https:\/\/bawarka-karkonosze.pl\/index.php?rest_route=\/wp\/v2\/pages\/2946\/revisions\/2957"}],"wp:attachment":[{"href":"https:\/\/bawarka-karkonosze.pl\/index.php?rest_route=%2Fwp%2Fv2%2Fmedia&parent=2946"}],"curies":[{"name":"wp","href":"https:\/\/api.w.org\/{rel}","templated":true}]}}

<div data-elementor-type="wp-page" data-elementor-id="2946" class="elementor elementor-2946">
						<section class="elementor-section elementor-top-section elementor-element elementor-element-b74c295 elementor-section-boxed elementor-section-height-default elementor-section-height-default" data-id="b74c295" data-element_type="section">
						<div class="elementor-container elementor-column-gap-default">
					<div class="elementor-column elementor-col-100 elementor-top-column elementor-element elementor-element-31ec5f4" data-id="31ec5f4" data-element_type="column">
			<div class="elementor-widget-wrap elementor-element-populated">
						<div class="elementor-element elementor-element-6ec2bdc elementor-widget elementor-widget-heading" data-id="6ec2bdc" data-element_type="widget" data-widget_type="heading.default">
				<div class="elementor-widget-container">
			<h2 class="elementor-heading-title elementor-size-default">Informacja o przetwarzaniu danych osobowych</h2>		</div>
				</div>
					</div>
		</div>
					</div>
		</section>
				<section class="elementor-section elementor-top-section elementor-element elementor-element-14ebe30 elementor-section-boxed elementor-section-height-default elementor-section-height-default" data-id="14ebe30" data-element_type="section">
						<div class="elementor-container elementor-column-gap-default">
					<div class="elementor-column elementor-col-100 elementor-top-column elementor-element elementor-element-e5abb5d" data-id="e5abb5d" data-element_type="column">
			<div class="elementor-widget-wrap elementor-element-populated">
						<div class="elementor-element elementor-element-500efda elementor-widget elementor-widget-text-editor" data-id="500efda" data-element_type="widget" data-widget_type="text-editor.default">
				<div class="elementor-widget-container">
							<p style="text-align: justify;">Administratorem danych osobowych jest:</p>
<p style="text-align: justify;">Małgorzata Małkiewicz</p>
<p style="text-align: justify;">Z siedzibą w Piechowicach, ul. Plac Wczasowy 6</p>
<p style="text-align: justify;">Dane osobowe przetwarzane są w celu wypełnienia obowiązków prawnych ciążących na Administratorze prowadzącym działalność gospodarczą, w szczególności realizacji obowiązków określonych w przepisach podatkowych.</p>
<p style="text-align: justify;">Podstawą prawną przetwarzania jest art. 6 ust. 1 pkt b i c ogólnego rozporządzenia o ochronie danych Parlamentu Europejskiego i Rady UE.</p>
<p style="text-align: justify;">Dane osobowe będą przechowywane przez okres 5 lat licząc od początku roku następującego po roku, którego dane zbiory dotyczą.</p>
<p style="text-align: justify;">Osoba, której dane dotyczą ma prawo do żądania od Administratora dostępu do treści danych, ich sprostowania, usunięcia lub ograniczenia przetwarzania oraz prawo do wniesienia sprzeciwu wobec przetwarzania, a także prawo do przenoszenia danych. Ma również prawo wniesienia skargi do Prezesa Urzędu Ochrony Danych Osobowych.</p>
<p style="text-align: justify;">Dane przetwarzanie przez Administratora danych osobowych będą udostępniane tylko podmiotom upoważnionym na podstawie przepisów prawa lub umowy o powierzeniu przetwarzania danych.</p>
<p style="text-align: justify;">Dane osobowe podlegają zabezpieczeniom zapobiegającym nadużyciom niezgodnemu z prawem dostępowi lub przekazywaniu.</p>						</div>
				</div>
					</div>
		</div>
					</div>
		</section>
				</div>

<p>Informacja o przetwarzaniu danych osobowych Administratorem danych osobowych jest: Małgorzata Małkiewicz Z siedzibą w Piechowicach, ul. Plac Wczasowy 6 Dane osobowe przetwarzane są w celu wypełnienia obowiązków prawnych ciążących na Administratorze prowadzącym działalność gospodarczą, w szczególności realizacji obowiązków określonych w przepisach podatkowych. Podstawą prawną przetwarzania jest art. 6 ust. 1 pkt b i c ogólnego&hellip;&nbsp;<a href="https://bawarka-karkonosze.pl/?page_id=2946" rel="bookmark">Dowiedz się więcej &raquo;<span class="screen-reader-text">RODO</span></a></p>
