{"id":212,"date":"2019-07-23T08:27:49","date_gmt":"2019-07-23T08:27:49","guid":{"rendered":"https:\/\/demosites.io\/vacation-rental\/?page_id=2"},"modified":"2024-04-28T11:10:27","modified_gmt":"2024-04-28T09:10:27","slug":"1c5e3-vacation-rental-about","status":"publish","type":"page","link":"https:\/\/bawarka-karkonosze.pl\/?page_id=212","title":{"rendered":"About"},"content":{"rendered":"\t\t<div data-elementor-type=\"wp-post\" data-elementor-id=\"212\" class=\"elementor elementor-212\">\n\t\t\t\t\t\t<section class=\"elementor-section elementor-top-section elementor-element elementor-element-be0c628 elementor-section-height-min-height animated-slow elementor-section-boxed elementor-section-height-default elementor-section-items-middle\" data-id=\"be0c628\" data-element_type=\"section\" data-settings=\"{&quot;background_background&quot;:&quot;classic&quot;,&quot;animation&quot;:&quot;none&quot;}\">\n\t\t\t\t\t\t\t<div class=\"elementor-background-overlay\"><\/div>\n\t\t\t\t\t\t\t<div class=\"elementor-container elementor-column-gap-default\">\n\t\t\t\t\t<div class=\"elementor-column elementor-col-100 elementor-top-column elementor-element elementor-element-8bd49d8\" data-id=\"8bd49d8\" data-element_type=\"column\">\n\t\t\t<div class=\"elementor-widget-wrap elementor-element-populated\">\n\t\t\t\t\t\t<section class=\"elementor-section elementor-inner-section elementor-element elementor-element-af8f993 elementor-section-boxed elementor-section-height-default elementor-section-height-default\" data-id=\"af8f993\" data-element_type=\"section\">\n\t\t\t\t\t\t<div class=\"elementor-container elementor-column-gap-default\">\n\t\t\t\t\t<div class=\"elementor-column elementor-col-100 elementor-inner-column elementor-element elementor-element-89db935\" data-id=\"89db935\" data-element_type=\"column\">\n\t\t\t<div class=\"elementor-widget-wrap elementor-element-populated\">\n\t\t\t\t\t\t<div class=\"elementor-element elementor-element-5063841 elementor-widget elementor-widget-heading\" data-id=\"5063841\" data-element_type=\"widget\" data-widget_type=\"heading.default\">\n\t\t\t\t<div class=\"elementor-widget-container\">\n\t\t\t<h1 class=\"elementor-heading-title elementor-size-default\">O Willi Bawarka<\/h1>\t\t<\/div>\n\t\t\t\t<\/div>\n\t\t\t\t\t<\/div>\n\t\t<\/div>\n\t\t\t\t\t<\/div>\n\t\t<\/section>\n\t\t\t\t\t<\/div>\n\t\t<\/div>\n\t\t\t\t\t<\/div>\n\t\t<\/section>\n\t\t\t\t<section class=\"elementor-section elementor-top-section elementor-element elementor-element-9ea7ce8 elementor-section-boxed elementor-section-height-default elementor-section-height-default\" data-id=\"9ea7ce8\" data-element_type=\"section\">\n\t\t\t\t\t\t<div class=\"elementor-container elementor-column-gap-default\">\n\t\t\t\t\t<div class=\"elementor-column elementor-col-100 elementor-top-column elementor-element elementor-element-a6589d0\" data-id=\"a6589d0\" data-element_type=\"column\">\n\t\t\t<div class=\"elementor-widget-wrap elementor-element-populated\">\n\t\t\t\t\t\t<section class=\"elementor-section elementor-inner-section elementor-element elementor-element-4735823 elementor-section-content-middle elementor-section-boxed elementor-section-height-default elementor-section-height-default\" data-id=\"4735823\" data-element_type=\"section\" data-settings=\"{&quot;background_background&quot;:&quot;classic&quot;}\">\n\t\t\t\t\t\t<div class=\"elementor-container elementor-column-gap-default\">\n\t\t\t\t\t<div class=\"elementor-column elementor-col-50 elementor-inner-column elementor-element elementor-element-f54bd16\" data-id=\"f54bd16\" data-element_type=\"column\" data-settings=\"{&quot;background_background&quot;:&quot;classic&quot;}\">\n\t\t\t<div class=\"elementor-widget-wrap elementor-element-populated\">\n\t\t\t\t\t\t<div class=\"elementor-element elementor-element-11edc0c elementor-widget elementor-widget-heading\" data-id=\"11edc0c\" data-element_type=\"widget\" data-widget_type=\"heading.default\">\n\t\t\t\t<div class=\"elementor-widget-container\">\n\t\t\t<h2 class=\"elementor-heading-title elementor-size-large\">Historia miejscowo\u015bci<\/h2>\t\t<\/div>\n\t\t\t\t<\/div>\n\t\t\t\t<div class=\"elementor-element elementor-element-7025c73 elementor-widget-divider--view-line elementor-widget elementor-widget-divider\" data-id=\"7025c73\" data-element_type=\"widget\" data-widget_type=\"divider.default\">\n\t\t\t\t<div class=\"elementor-widget-container\">\n\t\t\t\t\t<div class=\"elementor-divider\">\n\t\t\t<span class=\"elementor-divider-separator\">\n\t\t\t\t\t\t<\/span>\n\t\t<\/div>\n\t\t\t\t<\/div>\n\t\t\t\t<\/div>\n\t\t\t\t<div class=\"elementor-element elementor-element-71382e2 elementor-widget elementor-widget-text-editor\" data-id=\"71382e2\" data-element_type=\"widget\" data-widget_type=\"text-editor.default\">\n\t\t\t\t<div class=\"elementor-widget-container\">\n\t\t\t\t\t\t\t<p>Micha\u0142owice zwane dawniej Kiesewald le\u017c\u0105 na wysoko\u015bci 650 m n.p.m. i obecnie s\u0105 cz\u0119\u015bci\u0105 Piechowic.<strong><br><\/strong><\/p>\n<p>Pocz\u0105tki miejscowo\u015bci si\u0119gaj\u0105&nbsp; XVII wieku. Powsta\u0142a wtedy osada za\u0142o\u017cona wed\u0142ug legendy przez trzech braci z Czech &#8211; Micha\u0142\u00f3w. W rzeczywisto\u015bci jednak osad\u0119 za\u0142o\u017cyli uchod\u017acy religijni pochodz\u0105cy z Czech. Miejscowo\u015b\u0107 otaczaj\u0105 cztery g\u00f3ry: Piechowicka G\u00f3ra (604), Drewniak (672), Grzybowiec (752) oraz P\u0142oszcza\u0144 (747). W Micha\u0142owicach nasi go\u015bcie mog\u0105 zobaczy\u0107 pi\u0119kny widok na \u015anie\u017cne Kot\u0142y, ale mo\u017cna znale\u017a\u0107 tu tak\u017ce wiele innych urokliwych miejsc.<\/p>\t\t\t\t\t\t<\/div>\n\t\t\t\t<\/div>\n\t\t\t\t\t<\/div>\n\t\t<\/div>\n\t\t\t\t<div class=\"elementor-column elementor-col-50 elementor-inner-column elementor-element elementor-element-774acee\" data-id=\"774acee\" data-element_type=\"column\">\n\t\t\t<div class=\"elementor-widget-wrap elementor-element-populated\">\n\t\t\t\t\t\t<div class=\"elementor-element elementor-element-07047e0 elementor-widget elementor-widget-image\" data-id=\"07047e0\" data-element_type=\"widget\" data-widget_type=\"image.default\">\n\t\t\t\t<div class=\"elementor-widget-container\">\n\t\t\t\t\t\t\t\t\t\t\t\t\t<img fetchpriority=\"high\" decoding=\"async\" width=\"800\" height=\"600\" src=\"https:\/\/bawarka-karkonosze.pl\/wp-content\/uploads\/2021\/01\/pokoje-goscinne-bawarka-1920x1080-324816a4d13f4b5721dcmini2.jpg\" class=\"attachment-large size-large wp-image-844\" alt=\"\" srcset=\"https:\/\/bawarka-karkonosze.pl\/wp-content\/uploads\/2021\/01\/pokoje-goscinne-bawarka-1920x1080-324816a4d13f4b5721dcmini2.jpg 800w, https:\/\/bawarka-karkonosze.pl\/wp-content\/uploads\/2021\/01\/pokoje-goscinne-bawarka-1920x1080-324816a4d13f4b5721dcmini2-300x225.jpg 300w, https:\/\/bawarka-karkonosze.pl\/wp-content\/uploads\/2021\/01\/pokoje-goscinne-bawarka-1920x1080-324816a4d13f4b5721dcmini2-768x576.jpg 768w\" sizes=\"(max-width: 800px) 100vw, 800px\" \/>\t\t\t\t\t\t\t\t\t\t\t\t\t<\/div>\n\t\t\t\t<\/div>\n\t\t\t\t\t<\/div>\n\t\t<\/div>\n\t\t\t\t\t<\/div>\n\t\t<\/section>\n\t\t\t\t<section class=\"elementor-section elementor-inner-section elementor-element elementor-element-0fcb437 elementor-section-content-middle elementor-section-boxed elementor-section-height-default elementor-section-height-default\" data-id=\"0fcb437\" data-element_type=\"section\">\n\t\t\t\t\t\t<div class=\"elementor-container elementor-column-gap-default\">\n\t\t\t\t\t<div class=\"elementor-column elementor-col-50 elementor-inner-column elementor-element elementor-element-f9b016e\" data-id=\"f9b016e\" data-element_type=\"column\" data-settings=\"{&quot;background_background&quot;:&quot;classic&quot;}\">\n\t\t\t<div class=\"elementor-widget-wrap elementor-element-populated\">\n\t\t\t\t\t\t<div class=\"elementor-element elementor-element-9b7f573 elementor-widget elementor-widget-heading\" data-id=\"9b7f573\" data-element_type=\"widget\" data-widget_type=\"heading.default\">\n\t\t\t\t<div class=\"elementor-widget-container\">\n\t\t\t<h2 class=\"elementor-heading-title elementor-size-large\">Historia Willi Bawarka<\/h2>\t\t<\/div>\n\t\t\t\t<\/div>\n\t\t\t\t<div class=\"elementor-element elementor-element-f62d835 elementor-widget-divider--view-line elementor-widget elementor-widget-divider\" data-id=\"f62d835\" data-element_type=\"widget\" data-widget_type=\"divider.default\">\n\t\t\t\t<div class=\"elementor-widget-container\">\n\t\t\t\t\t<div class=\"elementor-divider\">\n\t\t\t<span class=\"elementor-divider-separator\">\n\t\t\t\t\t\t<\/span>\n\t\t<\/div>\n\t\t\t\t<\/div>\n\t\t\t\t<\/div>\n\t\t\t\t<div class=\"elementor-element elementor-element-90f5e42 elementor-widget elementor-widget-text-editor\" data-id=\"90f5e42\" data-element_type=\"widget\" data-widget_type=\"text-editor.default\">\n\t\t\t\t<div class=\"elementor-widget-container\">\n\t\t\t\t\t\t\t<p>Budynek zosta\u0142 wybudowany na pocz\u0105tku XX w. na fundamentach innego domu, kt\u00f3rego pocz\u0105tki si\u0119ga\u0142y XVIII w. Przez d\u0142ugi czas Willa s\u0142u\u017cy\u0142a jako miejsce wypoczynkowe i lecznicze, w trakcie swej niemieckiej historii zwana &#8222;Daheim&#8221;, p\u00f3\u017aniej w latach powojennych nazwana Domem Wypoczynkowym &#8222;Ja\u015b&#8221;.<\/p><p>Budynek zosta\u0142 odrestaurowany i od 2008 roku funkcjonuje pod nazw\u0105 &#8222;Willa Bawarka&#8221;.<\/p>\t\t\t\t\t\t<\/div>\n\t\t\t\t<\/div>\n\t\t\t\t\t<\/div>\n\t\t<\/div>\n\t\t\t\t<div class=\"elementor-column elementor-col-50 elementor-inner-column elementor-element elementor-element-8e903c4\" data-id=\"8e903c4\" data-element_type=\"column\">\n\t\t\t<div class=\"elementor-widget-wrap elementor-element-populated\">\n\t\t\t\t\t\t<div class=\"elementor-element elementor-element-bc4ee8d elementor-widget elementor-widget-image\" data-id=\"bc4ee8d\" data-element_type=\"widget\" data-widget_type=\"image.default\">\n\t\t\t\t<div class=\"elementor-widget-container\">\n\t\t\t\t\t\t\t\t\t\t\t\t\t<img decoding=\"async\" width=\"1024\" height=\"768\" src=\"https:\/\/bawarka-karkonosze.pl\/wp-content\/uploads\/2021\/03\/IMG_20201108_142626kopkop-1024x768.jpg\" class=\"attachment-large size-large wp-image-2347\" alt=\"\" srcset=\"https:\/\/bawarka-karkonosze.pl\/wp-content\/uploads\/2021\/03\/IMG_20201108_142626kopkop-1024x768.jpg 1024w, https:\/\/bawarka-karkonosze.pl\/wp-content\/uploads\/2021\/03\/IMG_20201108_142626kopkop-300x225.jpg 300w, https:\/\/bawarka-karkonosze.pl\/wp-content\/uploads\/2021\/03\/IMG_20201108_142626kopkop-768x576.jpg 768w, https:\/\/bawarka-karkonosze.pl\/wp-content\/uploads\/2021\/03\/IMG_20201108_142626kopkop-1536x1152.jpg 1536w, https:\/\/bawarka-karkonosze.pl\/wp-content\/uploads\/2021\/03\/IMG_20201108_142626kopkop-2048x1536.jpg 2048w\" sizes=\"(max-width: 1024px) 100vw, 1024px\" \/>\t\t\t\t\t\t\t\t\t\t\t\t\t<\/div>\n\t\t\t\t<\/div>\n\t\t\t\t\t<\/div>\n\t\t<\/div>\n\t\t\t\t\t<\/div>\n\t\t<\/section>\n\t\t\t\t<section class=\"elementor-section elementor-inner-section elementor-element elementor-element-77e523d elementor-section-content-middle elementor-section-boxed elementor-section-height-default elementor-section-height-default\" data-id=\"77e523d\" data-element_type=\"section\">\n\t\t\t\t\t\t<div class=\"elementor-container elementor-column-gap-default\">\n\t\t\t\t\t<div class=\"elementor-column elementor-col-50 elementor-inner-column elementor-element elementor-element-dee92b2\" data-id=\"dee92b2\" data-element_type=\"column\" data-settings=\"{&quot;background_background&quot;:&quot;classic&quot;}\">\n\t\t\t<div class=\"elementor-widget-wrap elementor-element-populated\">\n\t\t\t\t\t\t<div class=\"elementor-element elementor-element-d074117 elementor-widget elementor-widget-heading\" data-id=\"d074117\" data-element_type=\"widget\" data-widget_type=\"heading.default\">\n\t\t\t\t<div class=\"elementor-widget-container\">\n\t\t\t<h2 class=\"elementor-heading-title elementor-size-large\">Szlaki i punkty widokowe<\/h2>\t\t<\/div>\n\t\t\t\t<\/div>\n\t\t\t\t<div class=\"elementor-element elementor-element-916e6e1 elementor-widget-divider--view-line elementor-widget elementor-widget-divider\" data-id=\"916e6e1\" data-element_type=\"widget\" data-widget_type=\"divider.default\">\n\t\t\t\t<div class=\"elementor-widget-container\">\n\t\t\t\t\t<div class=\"elementor-divider\">\n\t\t\t<span class=\"elementor-divider-separator\">\n\t\t\t\t\t\t<\/span>\n\t\t<\/div>\n\t\t\t\t<\/div>\n\t\t\t\t<\/div>\n\t\t\t\t<div class=\"elementor-element elementor-element-09baf91 elementor-widget elementor-widget-text-editor\" data-id=\"09baf91\" data-element_type=\"widget\" data-widget_type=\"text-editor.default\">\n\t\t\t\t<div class=\"elementor-widget-container\">\n\t\t\t\t\t\t\t<p>Micha\u0142owice to pi\u0119knie po\u0142o\u017cona g\u00f3rska osada. Prowadz\u0105 przez ni\u0105 liczne szlaki piesze i rowerowe. W miejscowo\u015bci znajduje si\u0119 kilka punkt\u00f3w widokowych, cz\u0119\u015b\u0107 z nich zosta\u0142a dodatkowo wyposa\u017cona, np. w le\u017caki. Jednym z takich miejsc jest punkt widokowy znajduj\u0105cy si\u0119 tu\u017c przy Willi Bawarka.<\/p>\t\t\t\t\t\t<\/div>\n\t\t\t\t<\/div>\n\t\t\t\t\t<\/div>\n\t\t<\/div>\n\t\t\t\t<div class=\"elementor-column elementor-col-50 elementor-inner-column elementor-element elementor-element-9209a60\" data-id=\"9209a60\" data-element_type=\"column\">\n\t\t\t<div class=\"elementor-widget-wrap elementor-element-populated\">\n\t\t\t\t\t\t<div class=\"elementor-element elementor-element-777c71d elementor-widget elementor-widget-spacer\" data-id=\"777c71d\" data-element_type=\"widget\" data-widget_type=\"spacer.default\">\n\t\t\t\t<div class=\"elementor-widget-container\">\n\t\t\t\t\t<div class=\"elementor-spacer\">\n\t\t\t<div class=\"elementor-spacer-inner\"><\/div>\n\t\t<\/div>\n\t\t\t\t<\/div>\n\t\t\t\t<\/div>\n\t\t\t\t<div class=\"elementor-element elementor-element-51fc972 elementor-widget elementor-widget-image\" data-id=\"51fc972\" data-element_type=\"widget\" data-widget_type=\"image.default\">\n\t\t\t\t<div class=\"elementor-widget-container\">\n\t\t\t\t\t\t\t\t\t\t\t\t\t<img decoding=\"async\" width=\"1024\" height=\"768\" src=\"https:\/\/bawarka-karkonosze.pl\/wp-content\/uploads\/2020\/11\/IMG_20201105_143008-1024x768.png\" class=\"attachment-large size-large wp-image-432\" alt=\"\" srcset=\"https:\/\/bawarka-karkonosze.pl\/wp-content\/uploads\/2020\/11\/IMG_20201105_143008-1024x768.png 1024w, https:\/\/bawarka-karkonosze.pl\/wp-content\/uploads\/2020\/11\/IMG_20201105_143008-300x225.png 300w, https:\/\/bawarka-karkonosze.pl\/wp-content\/uploads\/2020\/11\/IMG_20201105_143008-768x576.png 768w, https:\/\/bawarka-karkonosze.pl\/wp-content\/uploads\/2020\/11\/IMG_20201105_143008.png 1280w\" sizes=\"(max-width: 1024px) 100vw, 1024px\" \/>\t\t\t\t\t\t\t\t\t\t\t\t\t<\/div>\n\t\t\t\t<\/div>\n\t\t\t\t\t<\/div>\n\t\t<\/div>\n\t\t\t\t\t<\/div>\n\t\t<\/section>\n\t\t\t\t\t<\/div>\n\t\t<\/div>\n\t\t\t\t\t<\/div>\n\t\t<\/section>\n\t\t\t\t<section class=\"elementor-section elementor-top-section elementor-element elementor-element-ac36aea elementor-section-boxed elementor-section-height-default elementor-section-height-default\" data-id=\"ac36aea\" data-element_type=\"section\">\n\t\t\t\t\t\t<div class=\"elementor-container elementor-column-gap-default\">\n\t\t\t\t\t<div class=\"elementor-column elementor-col-100 elementor-top-column elementor-element elementor-element-a400cb2\" data-id=\"a400cb2\" data-element_type=\"column\">\n\t\t\t<div class=\"elementor-widget-wrap\">\n\t\t\t\t\t\t\t<\/div>\n\t\t<\/div>\n\t\t\t\t\t<\/div>\n\t\t<\/section>\n\t\t\t\t<\/div>\n\t\t","protected":false},"excerpt":{"rendered":"<p>O Willi Bawarka Historia miejscowo\u015bci Micha\u0142owice zwane dawniej Kiesewald le\u017c\u0105 na wysoko\u015bci 650 m n.p.m. i obecnie s\u0105 cz\u0119\u015bci\u0105 Piechowic. Pocz\u0105tki miejscowo\u015bci si\u0119gaj\u0105&nbsp; XVII wieku. Powsta\u0142a wtedy osada za\u0142o\u017cona wed\u0142ug legendy przez trzech braci z Czech &#8211; Micha\u0142\u00f3w. W rzeczywisto\u015bci jednak osad\u0119 za\u0142o\u017cyli uchod\u017acy religijni pochodz\u0105cy z Czech. Miejscowo\u015b\u0107 otaczaj\u0105 cztery g\u00f3ry: Piechowicka G\u00f3ra (604),&hellip;&nbsp;<a href=\"https:\/\/bawarka-karkonosze.pl\/?page_id=212\" rel=\"bookmark\">Dowiedz si\u0119 wi\u0119cej &raquo;<span class=\"screen-reader-text\">About<\/span><\/a><\/p>\n","protected":false},"author":1,"featured_media":0,"parent":0,"menu_order":0,"comment_status":"closed","ping_status":"closed","template":"page-templates\/template-pagebuilder-full-width.php","meta":{"neve_meta_sidebar":"","neve_meta_container":"","neve_meta_enable_content_width":"","neve_meta_content_width":70,"neve_meta_title_alignment":"","neve_meta_author_avatar":"","neve_post_elements_order":"","neve_meta_disable_header":"","neve_meta_disable_footer":"","neve_meta_disable_title":"","footnotes":""},"_links":{"self":[{"href":"https:\/\/bawarka-karkonosze.pl\/index.php?rest_route=\/wp\/v2\/pages\/212"}],"collection":[{"href":"https:\/\/bawarka-karkonosze.pl\/index.php?rest_route=\/wp\/v2\/pages"}],"about":[{"href":"https:\/\/bawarka-karkonosze.pl\/index.php?rest_route=\/wp\/v2\/types\/page"}],"author":[{"embeddable":true,"href":"https:\/\/bawarka-karkonosze.pl\/index.php?rest_route=\/wp\/v2\/users\/1"}],"replies":[{"embeddable":true,"href":"https:\/\/bawarka-karkonosze.pl\/index.php?rest_route=%2Fwp%2Fv2%2Fcomments&post=212"}],"version-history":[{"count":85,"href":"https:\/\/bawarka-karkonosze.pl\/index.php?rest_route=\/wp\/v2\/pages\/212\/revisions"}],"predecessor-version":[{"id":3234,"href":"https:\/\/bawarka-karkonosze.pl\/index.php?rest_route=\/wp\/v2\/pages\/212\/revisions\/3234"}],"wp:attachment":[{"href":"https:\/\/bawarka-karkonosze.pl\/index.php?rest_route=%2Fwp%2Fv2%2Fmedia&parent=212"}],"curies":[{"name":"wp","href":"https:\/\/api.w.org\/{rel}","templated":true}]}}